= 174*b + 3426. What is the units digit of w(48)?
8
Let z = -2 + 7. Suppose 0 = -3*q + 12, -2*t + 11*q - 6*q = -2. Suppose 0 = -12*v + t*v - z*x + 133, -2*v + 272 = 4*x. What is the tens digit of v?
3
Let v = 23910 + -16754. What is the units digit of v?
6
Let v(c) = -8*c - 66. Let b be v(-9). Suppose 2*t = b, 6 = y - t - 3. Suppose y*u = 2477 - 437. What is the hundreds digit of u?
1
Let u(t) = 2093*t**2 + 4*t - 24. What is the tens digit of u(3)?
2
Let l = 2 - 2. Let f be (-961)/(-9) + (-138)/(-621). Suppose -z + f - 7 = l. What is the units digit of z?
0
Let r(k) = -153*k - 754. What is the tens digit of r(-7)?
1
Suppose -2*a - 1026 = 1048. Let x = -385 - a. What is the hundreds digit of x?
6
Let b(i) = i**2 + 26*i + 157. Let l be b(-10). Let m(r) = -4*r + 4. Let y be m(4). What is the tens digit of (-332)/l + y/18?
1
Let f(u) = -39*u + 420. What is the hundreds digit of f(4)?
2
Suppose 11*v + 2*s - 162 = 13*v, -5*s - 415 = 5*v. Let j be -54 - 0/(2 + -4). Let t = j - v. What is the units digit of t?
8
Let g = 10503 - 6775. What is the hundreds digit of g?
7
Suppose 102*k - 82*k = -720. Let a(o) = o**2 + o + 47. What is the thousands digit of a(k)?
1
Let s = 226 - -601. Suppose 3*i + 260 = r, -3*r - 57 + s = i. What is the tens digit of r/7 + 10/35?
3
Suppose 21*h + 23790 = -5*h. What is the hundreds digit of 5 - (1 + -1 + h + 5)?
9
Let n be (100/6)/((-26)/(-117)). Suppose -2*k + 69 = d - n, 0 = -3*d + 2*k + 432. What is the tens digit of d?
4
Suppose -40*c - 1236501 = -89*c - 84*c. What is the units digit of c?
7
Suppose -46455 = 19*d - 207062. What is the thousands digit of d?
8
What is the hundreds digit of (-2)/(-12) - 11/(-99)*(-8103720)/(-16)?
2
Suppose -4229327 - 711007 = -126*l. What is the units digit of l?
9
Let t(o) = 2*o**2. Let n be t(-1). Suppose 5*u = 5, n*j + 2*u - 10 = -2*u. Suppose 8*g - j*g = 325. What is the tens digit of g?
6
Suppose -4*p + 3*j = -14097, -4*j + 17 - 13 = 0. What is the units digit of p?
5
Let z = 168 + -103. Suppose 41 = -2*d + z. What is the units digit of (-1 + d/8)*388?
4
Suppose -4*u + 245*h - 242*h + 1401 = 0, 2*u - h - 701 = 0. What is the hundreds digit of u?
3
Let a = 372 - 390. What is the tens digit of a/4*7368/(-36)?
2
Let r be (-2297)/(1/(-1)) + 3. Let f = r + -648. What is the tens digit of f?
5
Let q(r) = -7*r**3 - 6*r**2 + 23*r + 87. What is the hundreds digit of q(-5)?
6
Suppose -3*p + 0*l = l - 17, 0 = -p - 4*l + 13. What is the tens digit of -28*(-15)/(-12)*(-2)/p?
1
Let z = 817 - 432. Let m = z - -846. What is the tens digit of m?
3
Let h = 4807 - -1994. Suppose 893 = -14*o + h. What is the hundreds digit of o?
4
Let y(p) = -p**3 - 19*p**2 - 21*p - 24. Let s be (4/(-1) - 18)/1. Let m = s + 4. What is the units digit of y(m)?
0
Let z(u) = -u**2 + 18*u - 13. Let o be z(10). What is the tens digit of (-2)/(-4)*110014/o?
2
Let p(t) = -6*t**3 + t. Let j be p(-1). Let s be -4*(-1 - 0)*j/4. Suppose -2*f - f + 321 = -3*z, 0 = -5*z + s. What is the units digit of f?
8
Let m(y) = 1181*y + 2422. What is the tens digit of m(40)?
6
Let b be (5 - 102/30)/((-1)/(-40)). Suppose -5*y - b + 84 = 0. What is the tens digit of -3*116/(-8) + y/(-8)?
4
Let u(m) = 8564*m**2 + 41*m + 70. What is the hundreds digit of u(-2)?
2
Let f(y) = 2*y**2 + y. Let l be f(1). Suppose -55 = l*o + 35. What is the tens digit of ((-24)/(-15))/(-3 + (-94)/o)?
1
Suppose 206*v + 2657 = 37537 + 13942. What is the tens digit of v?
3
Let o = -65 - -28. Let m = 40 + o. Suppose m*w = 3*v + 69, 0 = 4*w + w - v - 119. What is the units digit of w?
4
Let w = 720 + -719. What is the tens digit of w*148 - (60/(-10) + 7)?
4
Let w(i) be the third derivative of 3*i**4/4 - 37*i**3/6 - 2*i**2 - 2. What is the units digit of w(9)?
5
Let k be 38/5 + ((-270)/(-50) - 5). Suppose -9885 = -13*u + k*u + 2*b, -b = 5*u - 9885. What is the tens digit of u?
7
Let g(d) = -24*d - 20. Suppose -3*y + 0*y = 5*h + 30, 4*y + 25 = -5*h. Let l be g(h). Suppose l + 24 = 5*t. What is the tens digit of t?
4
Suppose k - 552 = -4*j, 2*k + 1074 = 4*k - 2*j. Let w = -323 + k. What is the hundreds digit of w?
2
Let f(h) = h**2 - 23*h - 6. Let t(q) = q. Let l(p) = -f(p) + 2*t(p). Suppose 53*u - 378 = 35*u. What is the units digit of l(u)?
0
Let x(a) = 671*a**2 - 379*a - 1130. What is the tens digit of x(-3)?
4
Suppose -3*r = -6, 3*v = -v - 5*r + 30. Suppose 2*c - 5*n + 9*n = 998, v*n = 0. What is the tens digit of c?
9
Suppose 4*v - 3*m = 1617, 0*v - 398 = -v + 2*m. Let l = v + -134. What is the tens digit of l?
7
Let g(s) = 309*s**3 + 4*s**2 - 2*s - 13. What is the hundreds digit of g(2)?
4
Let a(m) = -m**2 + 9*m - 20. Let y be a(5). Suppose 3*u = -2*d + 666, y*d = 2*u + 2*d - 444. What is the tens digit of u?
2
Suppose 14*l - 15 = 13. Suppose -1105 = 4*n - 4*b - 4249, n - 783 = -l*b. What is the units digit of n?
5
Let a = 35788 - 19982. What is the tens digit of a?
0
Suppose 2*m = 5*r + 1072 - 125, -3*m = -5*r - 1413. What is the units digit of m?
6
Let q = 1199 - 841. Let p = q - -44. Suppose -2*h + p = h. What is the units digit of h?
4
Suppose 16*b - 74 = 6. Suppose -822 = -q - a + 110, -5 = b*a. What is the tens digit of q?
3
Suppose 0 = -4*c + c + 6. Suppose 9*a = -39*a - 96. What is the units digit of 34 - (0 + c) - a?
4
Let u(k) = k**3 - k**2 - 4*k + 10. Let f be u(4). What is the units digit of (f/(-4))/((-69)/322)?
9
Suppose 29 = 6*x + 11. Suppose -5*i = -5*v - 6025, -x = v - 0*v. What is the thousands digit of i?
1
Let h(l) = -76 - 74 + 143 + 2*l. Let z be h(5). Let g = 55 + z. What is the units digit of g?
8
Let m = -2 - -5. Let c(f) = 6*f**3 - 14*f**2 - 5*f + 20. Let l be c(5). Suppose m*t = -2*t + 5*u + l, 4*u - 276 = -4*t. What is the units digit of t?
4
Let f(d) be the second derivative of 0 + d**2 + 0*d**4 + 28*d + 1/2*d**3 - 37/10*d**5. What is the units digit of f(-1)?
3
Suppose -4*s + 34*o = 37*o - 76200, s = -3*o + 19059. What is the ten thousands digit of s?
1
Let f(v) = -727*v + 405. What is the units digit of f(-13)?
6
Let m(o) = -11*o - 32. Let y be m(2). Let i = 482 + y. What is the hundreds digit of i?
4
Let m be (1 - 2 - 5)*551/19. Let i = m - -323. What is the tens digit of i?
4
What is the hundreds digit of ((-390)/12 + -5)*(-12264)/20?
9
Suppose -125*w = -124*w - q - 8296, 4*w - 5*q = 33184. What is the hundreds digit of w?
2
Suppose 45*p - 16*p = 341562. What is the ten thousands digit of p?
1
Let k = 79 - 75. Let r be ((-7)/((-63)/66) - k)*30. Let s = 169 - r. What is the units digit of s?
9
Let b(z) = -7*z - 14. Let s be b(-13). Let m be (4/14)/(11/s). Suppose -43 - 12 = -m*g + 5*j, 2*g - 2*j = 52. What is the units digit of g?
5
Suppose -4*f - d = -9, -4*f + f + 7 = d. Suppose y + 118 - 419 = -4*t, -2*t + 153 = 3*y. Suppose -t - 57 = -f*z. What is the tens digit of z?
6
Let l = 8649 + -4825. What is the units digit of l?
4
Let d(b) = b**3 + b**2 - b - 2. Let c(s) = 1791*s**3 - 4*s**2 - 2*s + 13. Let f(n) = c(n) + 4*d(n). What is the thousands digit of f(1)?
1
Let o be (-560)/128 + 3/8. What is the units digit of -3 + -5*((-9264)/(-30))/o?
3
What is the hundreds digit of 0 + 4/(-22) + 4930*(-13)/(-143)?
4
Suppose 0 = -3*k - 122 + 8. Let l = k + 46. Suppose c - 52 - l = 0. What is the tens digit of c?
6
Suppose -2*r + 4 = -0*r. Suppose -2*t + 1431 + 299 = -3*y, 5*t - r*y - 4336 = 0. Suppose 4*f + 4*v = t, -f - 4*v = -118 - 102. What is the hundreds digit of f?
2
Suppose 13*q + 36*q + 147 = 0. What is the units digit of (-8)/(-3 + 5) + 849 + q?
2
Let l = -12498 - -20776. What is the thousands digit of l?
8
Let i = 54575 - 28465. What is the units digit of i?
0
Suppose 1 = 2*g - 99. What is the thousands digit of (2984/5)/(20/g)?
1
Let i(f) = f**3 - 8*f**2 - 3*f - 22. Let z be i(-6). Let a = -232 - z. What is the tens digit of a?
7
Suppose 85*q = 206912 + 229733. What is the thousands digit of q?
5
Suppose 4*u - 120958 = 84*a - 86*a, 0 = 4*a - 5*u - 242033. What is the tens digit of a?
9
Suppose -7*q = -75 + 376. Let d = q - -48. Let k(h) = 20*h - 42. What is the units digit of k(d)?
8
Let o(z) be the second derivative of z**4/12 + z**3/6 + 11*z**2/2 - 8*z. Let b be o(0). Suppose b*n - 7*n - 140 = 0. What is the tens digit of n?
3
Let u(y) = 8*y**3 + 12*y**2 - 133*y - 37. Let b(o) = 4*o**3 + 5*o**2 - 65*o - 18. Let r(k) = -9*b(k) + 4*u